o base 7
-22051234
Convert -1517714 (base 12) to base 4.
-100101001000
What is -10100001010000111010000 (base 2) in base 10?
-5284304
Convert -3a0a38a (base 11) to base 9.
-14045420
Convert -17763605 (base 8) to base 6.
-225433021
5a5140 (base 16) to base 5
3003402130
Convert -435503 (base 7) to base 3.
-10212210102
What is 10010110101010000 (base 2) in base 14?
2017a
75b04 (base 16) to base 9
814223
-167439 (base 11) to base 8
-771264
Convert 4b0d57 (base 14) to base 8.
11650161
What is a35fc (base 16) in base 13?
1a5785
-3427275 (base 8) to base 13
-2670a8
-21211111110020 (base 3) to base 2
-1111111000010101101000
34603306 (base 7) to base 16
2e6fb1
1110100000011110110 (base 2) to base 13
1384bb
-4523676 (base 8) to base 6
-42112050
Convert -9708aa (base 15) to base 11.
-407153a
122003414 (base 5) to base 7
4626623
2c5559 (base 14) to base 5
344121134
51213301 (base 6) to base 5
333321231
-10251234 (base 6) to base 16
-49cc6
-10442142 (base 7) to base 8
-3340024
What is 10120111000 (base 3) in base 13?
26025
Convert -54634 (base 12) to base 5.
-12031441
What is -3144056 (base 8) in base 7?
-10056132
What is -291a7e (base 15) in base 8?
-7433327
Convert 3386a5 (base 12) to base 9.
1484578
Convert 330054 (base 16) to base 13.
900483
What is 22117850 (base 9) in base 10?
10700226
What is 110112132121 (base 4) in base 5?
2331204222
What is -b5b4c (base 13) in base 5?
-40431304
Convert -102001102011000 (base 3) to base 11.
-3351a72
What is 7470 (base 14) in base 13?
91b5
-1111011010001111110001 (base 2) to base 15
-54be10
-128e79 (base 15) to base 11
-55937a
10110010010101101100 (base 2) to base 4
2302111230
What is -1000101110011111000100011 (base 2) in base 15?
-1917551
What is -14655733 (base 9) in base 10?
-7300074
-1382 (base 16) to base 12
-2a82
What is 19586 (base 14) in base 9?
107064
Convert 19c63 (base 14) to base 4.
100000033
11053643 (base 7) to base 10
954551
32211300 (base 5) to base 15
55c00
Convert 13001232110 (base 4) to base 16.
1c1b94
What is 3205 (base 12) in base 9?
7455
Convert -5664a0 (base 11) to base 8.
-3341061
-3c12a (base 14) to base 15
-2de90
Convert 141132 (base 5) to base 10.
5792
What is -cb5a4 (base 14) in base 8?
-1701414
What is 2131020221 (base 4) in base 9?
1180788
-264364434 (base 7) to base 2
-1000000111000010100000100
What is -2e8da6 (base 15) in base 14?
-42aa3b
-598a6 (base 12) to base 5
-12324020
1004970 (base 11) to base 16
1b2183
-8a803 (base 12) to base 2
-101101000000000011
Convert -78978 (base 11) to base 16.
-1be85
What is 1441713 (base 8) in base 16?
643cb
Convert 2514727 (base 8) to base 11.
434a75
-625640 (base 8) to base 3
-101120000102
11102123 (base 4) to base 6
244135
What is -792d38 (base 14) in base 4?
-33231201012
What is -308682 (base 9) in base 16?
-2ccf3
-601163 (base 10) to base 9
-1115568
Convert 5020 (base 11) to base 15.
1ea2
What is 22114424 (base 5) in base 10?
191864
What is -102011102 (base 3) in base 8?
-17712
What is -11000000000000100000 (base 2) in base 7?
-6453620
What is -1776585 (base 10) in base 6?
-102024533
Convert -100010001100111011110111 (base 2) to base 6.
-520100411
-1003330414 (base 5) to base 10
-2011359
86939 (base 10) to base 13
30758
Convert 1226a77 (base 11) to base 3.
11000022212022
Convert -2373007 (base 10) to base 7.
-26112250
432312423 (base 5) to base 11
1046313
Convert -12068d (base 15) to base 14.
-186272
What is 12431 (base 14) in base 9?
67321
Convert 655064 (base 8) to base 12.
a7184
What is -141521340 (base 6) in base 13?
-7a15a3
Convert 42186 (base 11) to base 2.
1111000000000001
What is -97794c (base 15) in base 4?
-123201112020
What is 1134004421 (base 5) in base 12?
a745b0
546438 (base 9) to base 4
1033221032
Convert 43712 (base 15) to base 5.
23323332
367ce (base 16) to base 3
102100011000
112111201 (base 3) to base 7
42556
Convert -13430203 (base 5) to base 9.
-232230
What is -3123003442 (base 5) in base 10?
-6453622
What is -7197a5 (base 12) in base 3?
-10100101122222
-22202102220201 (base 3) to base 8
-21601462
What is 60040 (base 11) in base 13?
3100a
-2234215 (base 9) to base 4
-10211320223
Convert 1b3922 (base 13) to base 15.
da7a4
What is 51478 (base 12) in base 11?
72773
2222111220122 (base 3) to base 5
401203112
70112 (base 16) to base 13
130c19
14127127 (base 10) to base 12
4893507
Convert 387090 (base 10) to base 16.
5e812
Convert -101212010012200 (base 3) to base 10.
-5769459
Convert 11200122221212 (base 3) to base 9.
4618855
What is -11002110111200 (base 3) in base 6?
-114333543
What is -144a69 (base 11) in base 4?
-313032300
What is 1530531 (base 6) in base 14?
24939
What is 1412042432 (base 5) in base 6?
205431403
Convert 200221222210 (base 3) to base 15.
758cc
-17b33bb (base 12) to base 16
-4bb57f
-d9490 (base 14) to base 7
-4314440
What is -2f05 (base 16) in base 14?
-455b
What is -101223410 (base 5) in base 9?
-701185
What is 183436 (base 10) in base 14?
4abc8
What is -527555 (base 13) in base 12?
-7909b5
What is -11130142 (base 5) in base 8?
-300755
11044460 (base 8) to base 11
1384718
Convert 722442 (base 8) to base 3.
110010200111
Convert 13112124 (base 6) to base 5.
102220320
-204027 (base 9) to base 7
-1012612
What is 4d951 (base 15) in base 12?
bb964
What is -1120240 (base 8) in base 3?
-120102000000
-2648c4 (base 14) to base 4
-11001333030
What is 861ea (base 15) in base 11?
270916
1855174 (base 11) to base 14
5ba47d
What is -412031 (base 6) in base 8?
-100123
-2225408 (base 9) to base 10
-1198079
-3a6f2 (base 16) to base 14
-63322
What is -126ed (base 15) in base 9?
-88767
36423 (base 7) to base 6
111510
Convert -8901960 (base 10) to base 12.
-2b93720
Convert 310116 (base 7) to base 13.
1b0c0
What is -29179 (base 12) in base 4?
-31332231
What is -3a28079 (base 12) in base 3?
-210122100022110
What is 152505 (base 12) in base 5?
42403233
Convert 31535533 (base 6) to base 3.
1202021102110
-134b25 (base 14) to base 9
-1224813
-94aa37 (base 11) to base 9
-2770528
What is 55635 (base 10) in base 5?
3240020
184b9 (base 15) to base 16
1336b
What is 271866 (base 11) in base 13?
11c451
918a23 (base 14) to base 7
56446543
-126535 (base 8) to base 2
-1010110101011101
Convert 107a10 (base 13) to base 2.
1011110110100010111
Convert 20110121 (base 6) to base 9.
1056454
What is -2015342 (base 8) in base 3?
-222222121222
Convert -110b0cc (base 13) to base 16.
-4fb025
-745265 (base 9) to base 12
-194765
Convert 39563a (base 15) to base 8.
12377036
Convert -12210203023 (base 4) to base 2.
-110100100100011001011
Convert 68714 (base 14) to base 11.
163792
What is 1003113 (base 5) in base 14?
5bb3
What is -758cc (base 13) in base 14?
-575ba
What is 36a73 (base 13) in base 10?
100649
Convert d035 (base 16) to base 5.
3201201
What is 9356 (base 12) in base 15?
4b50
-b56456 (base 15) to base 4
-200322110121
What is -221033 (base 4) in base 14?
-d67
What is 42f9e (base 16) in base 7?
2221544
61600273 (base 8) to base 14
1a36c0b
What is -101001100001010000001111 (base 2) in base 16?
-a6140f
What is 100110011101000110 (base 2) in base 3?
22000001201
1211120002020 (base 3) to base 7
11201625
What is 10111111000110010111 (base 2) in base 8?
2770627
What is 82840 (base 12) in base 2?
101001101000110000
-1211000220 (base 3) to base 13
-13368
What is 41544014 (base 7) in base 5?
1344204333
Convert 25316b (base 14) to base 10.
1276251
6073017 (base 10) to base 3
102102112121120
Convert -54808 (base 9) to base 16.
-8e19
Convert 731a (base 16) to base 3.
1111102100
1327881 (base 9) to base 7
6120043
Convert 3152682 (base 10) to base 2.
1100000001101100101010
What is 335413111 (base 6) in base 9?
12505347
-400865 (base 9) to base 15
-4a2d8
Convert 1110101010000100101000 (base 2) to base 15.
50d714
-1030320101323 (base 4) to base 3
-1101220220100201
-1665443 (base 7) to base 3
-102221010202
What is -1122112021 (base 3) in base 11?
-22430
23023411 (base 5) to base 16
32038
What is -101202020110101 (base 3) in base 8?
-25625612
Convert -16be7 (base 16) to base 10.
-93159
What is -11010101101010111011 (base 2) in base 3?
-1122110112122
210351254 (base 6) to base 5
1414404143
What is 3b512 (base 15) in base 5?
22041032
Convert -2010004314 (base 5) to base 4.
-33030320333
Convert -840a4 (base 11) to base 15.
-264b1
b1e4d (base 15) to base 10
563473
Con